{"id":85,"date":"2020-03-29T10:48:53","date_gmt":"2020-03-29T10:48:53","guid":{"rendered":"http:\/\/www.assambus-bf.org\/?page_id=85"},"modified":"2020-06-06T12:43:55","modified_gmt":"2020-06-06T12:43:55","slug":"la-suede","status":"publish","type":"page","link":"https:\/\/www.assambus-bf.org\/?page_id=85","title":{"rendered":"Su\u00e8de"},"content":{"rendered":"<div id=\"fb-root\"><\/div>\n\n<p style=\"color:#efb93f\" class=\"has-text-color\"><strong>La Su\u00e8de<\/strong><\/p>\n\n\n<p>&nbsp;<\/p>\n\n\n\n<p><img decoding=\"async\" class=\"apercu_suede\" src=\"http:\/\/www.assambus-bf.org\/wp-content\/uploads\/2020\/06\/suede_apercu.png\"> Aper\u00e7u sur la Su\u00e8de<\/p>\n\n\n\n<p style=\"color:#ff0019\" class=\"has-text-color\"><strong><u>G\u00e9ographie<\/u><\/strong><\/p>\n\n\n\n<p>Selon une source cit\u00e9e par <a href=\"https:\/\/fr.wikipedia.org\/wiki\/Su%C3%A8de\" target=\"_blank\" rel=\"noopener noreferrer\">Wikipedia<\/a>, la Su\u00e8de est le cinqui\u00e8me pays d&#8217;Europe en superficie (450&nbsp;000&nbsp;<abbr title=\"kilom\u00e8tre carr\u00e9\">km<sup>2<\/sup><\/abbr>), apr\u00e8s la Russie, l&#8217;Ukraine, la France et l&#8217;Espagne. <\/p>\n\n\n\n<p>C&#8217;est un pays de l&#8217;<a href=\"https:\/\/fr.wikipedia.org\/wiki\/Europe_du_Nord\" target=\"_blank\" rel=\"noopener noreferrer\">Europe du Nord<\/a>, tout en longueur et qui s&#8217;\u00e9tend de <a href=\"https:\/\/fr.wikipedia.org\/wiki\/Smygehuk\" target=\"_blank\" rel=\"noopener noreferrer\">Smygehuk<\/a> (point le plus m\u00e9ridional) \u00e0 Treriksr\u00f6set (au nord), point de rencontre de la <a href=\"https:\/\/fr.wikipedia.org\/wiki\/Norv%C3%A8ge\" target=\"_blank\" rel=\"noopener noreferrer\">Norv\u00e8ge<\/a>, de la Su\u00e8de et de la <a href=\"https:\/\/fr.wikipedia.org\/wiki\/Finlande\" target=\"_blank\" rel=\"noopener noreferrer\">Finlande<\/a>. Le pays poss\u00e8de une importante fa\u00e7ade maritime avec la mer Baltique \u00e0 l&#8217;est-sud-est, le Catt\u00e9gat au sud-sud-ouest et le Skagerrak au sud-ouest.\n<\/p>\n\n\n\n<p>Plus de la moiti\u00e9 du territoire est couvert de for\u00eats de conif\u00e8res, les lacs sont nombreux et le pays compte un total de 221&nbsp;831 \u00eeles de plus de 25 m\u00b2, dont environ 1&nbsp;000 sont habit\u00e9es. <\/p>\n\n\n\n<div class=\"wp-block-media-text alignwide\" style=\"grid-template-columns:73% auto\"><figure class=\"wp-block-media-text__media\"><img loading=\"lazy\" decoding=\"async\" width=\"811\" height=\"572\" src=\"http:\/\/www.assambus-bf.org\/wp-content\/uploads\/2020\/06\/plan-suede.png\" alt=\"\" class=\"wp-image-1066\" srcset=\"https:\/\/www.assambus-bf.org\/wp-content\/uploads\/2020\/06\/plan-suede.png 811w, https:\/\/www.assambus-bf.org\/wp-content\/uploads\/2020\/06\/plan-suede-300x212.png 300w, https:\/\/www.assambus-bf.org\/wp-content\/uploads\/2020\/06\/plan-suede-768x542.png 768w\" sizes=\"auto, (max-width: 811px) 100vw, 811px\" \/><\/figure><div class=\"wp-block-media-text__content\">\n<p style=\"font-size:18px\">Cartographie de la Su\u00e8de.<\/p>\n\n\n\n<p>Source: <strong>Microsoft \u00ae Encarta \u00ae 2009.<\/strong> \u00a9 1993-2008 Microsoft Corporation. Tous droits r\u00e9serv\u00e9s.<\/p>\n<\/div><\/div>\n\n\n\n<p style=\"color:#ff0019\"><strong><u>Population<\/u><\/strong><\/p>\n\n\n\n<p>Selon une autre source cit\u00e9e par le dictionnaire universel fran\u00e7ais \u00e9dition de 2008, la population de la Su\u00e8de est estim\u00e9e \u00e0 environ 9 041 000 habitants.<\/p>\n\n\n\n<p style=\"color:#ff0019\"><strong><u>\u00c9conomie<\/u><\/strong><\/p>\n\n\n\n<p>L&#8217;\u00e9conomie de la Su\u00e8de est essentiellement bas\u00e9e sur l&#8217;agriculture, la sylviculture, le bois, l&#8217;industrie et les mines.<\/p>\n\n\n\n<p>Le domaine agricole, aux rendements \u00e9lev\u00e9s malgr\u00e9 la m\u00e9diocrit\u00e9 du sol et du climat, emploi 4% de la population active et les cultures qui y sont pratiqu\u00e9es sont les c\u00e9r\u00e9ales, la pomme de terre, la betterave sucri\u00e8re, etc.<\/p>\n\n\n\n<p>L&#8217;\u00e9levage des bovins est intensif, la p\u00eache importante et la haute technicit\u00e9 et coop\u00e9ratives permettent de couvrir tous les besoins.<\/p>\n\n\n\n<p>La for\u00eat occupe 50% du pays et son exploitation tr\u00e8s active a favoris\u00e9 une forte industrialisation d\u00e8s le XIXeme si\u00e8cle.<\/p>\n\n\n\n<p style=\"color:#ff0019\"><strong><u>Histoire<\/u><\/strong><\/p>\n\n\n\n<p>Peupl\u00e9 d\u00e8s le n\u00e9olithique, le pays se donna une certaine unit\u00e9 au IVeme si\u00e8cle apr\u00e8s J.C: les Svears du Nord dominant les Goths du Sud, form\u00e8rent le royaume se Svearike avec pour principaux centres: Uppsala et Birka.<\/p>\n\n\n\n<p>Au Veme et VIeme si\u00e8cle, les Su\u00e9dois particip\u00e8rent au mouvement d&#8217;expansion des Vikings et fond\u00e8rent les principaut\u00e9s de Novgorol et de Kiev.<\/p>\n\n\n\n<p style=\"color:#ff0019\"><strong><u>Culture<\/u><\/strong><\/p>\n\n\n\n<p> <\/p>\n","protected":false},"excerpt":{"rendered":"<p>La Su\u00e8de Aper\u00e7u sur la Su\u00e8de G\u00e9ographie Selon une source cit\u00e9e par Wikipedia, la Su\u00e8de est le cinqui\u00e8me pays d&#8217;Europe en superficie (450&nbsp;000&nbsp;km2), apr\u00e8s la Russie, l&#8217;Ukraine, la France et l&#8217;Espagne. C&#8217;est un pays de l&#8217;Europe du Nord, tout en longueur et qui s&#8217;\u00e9tend de Smygehuk (point le plus m\u00e9ridional) \u00e0 Treriksr\u00f6set (au nord), point<\/p>\n","protected":false},"author":1,"featured_media":0,"parent":0,"menu_order":0,"comment_status":"closed","ping_status":"closed","template":"","meta":{"footnotes":""},"class_list":["post-85","page","type-page","status-publish","hentry"],"_links":{"self":[{"href":"https:\/\/www.assambus-bf.org\/index.php?rest_route=\/wp\/v2\/pages\/85","targetHints":{"allow":["GET"]}}],"collection":[{"href":"https:\/\/www.assambus-bf.org\/index.php?rest_route=\/wp\/v2\/pages"}],"about":[{"href":"https:\/\/www.assambus-bf.org\/index.php?rest_route=\/wp\/v2\/types\/page"}],"author":[{"embeddable":true,"href":"https:\/\/www.assambus-bf.org\/index.php?rest_route=\/wp\/v2\/users\/1"}],"replies":[{"embeddable":true,"href":"https:\/\/www.assambus-bf.org\/index.php?rest_route=%2Fwp%2Fv2%2Fcomments&post=85"}],"version-history":[{"count":37,"href":"https:\/\/www.assambus-bf.org\/index.php?rest_route=\/wp\/v2\/pages\/85\/revisions"}],"predecessor-version":[{"id":1107,"href":"https:\/\/www.assambus-bf.org\/index.php?rest_route=\/wp\/v2\/pages\/85\/revisions\/1107"}],"wp:attachment":[{"href":"https:\/\/www.assambus-bf.org\/index.php?rest_route=%2Fwp%2Fv2%2Fmedia&parent=85"}],"curies":[{"name":"wp","href":"https:\/\/api.w.org\/{rel}","templated":true}]}}